{"id":457,"date":"2020-05-31T14:58:05","date_gmt":"2020-05-31T14:58:05","guid":{"rendered":"http:\/\/formationdc.ca\/?page_id=457"},"modified":"2020-05-31T17:00:30","modified_gmt":"2020-05-31T17:00:30","slug":"credit-specialise","status":"publish","type":"page","link":"https:\/\/formationdc.ca\/?page_id=457","title":{"rendered":"Cr\u00e9dit sp\u00e9cialis\u00e9"},"content":{"rendered":"\n<p>Notre formation priv\u00e9e ou semi-priv\u00e9e implique que nous formons entre 2 et 10 \u00e9l\u00e8ves par session afin de pouvoir assurer un suivi ainsi qu\u2019un support personnalis\u00e9 \u00e0 nos \u00e9l\u00e8ves r\u00e9parti en deux journ\u00e9es.<\/p>\n\n\n\n<figure class=\"wp-block-image size-full\"><img loading=\"lazy\" width=\"1000\" height=\"288\" src=\"http:\/\/formationdc.ca\/wp-content\/uploads\/2020\/05\/2e-chancecredit_F.jpg\" alt=\"formation 2e chance au cr\u00e9dit\" class=\"wp-image-460\" srcset=\"https:\/\/formationdc.ca\/wp-content\/uploads\/2020\/05\/2e-chancecredit_F.jpg 1000w, https:\/\/formationdc.ca\/wp-content\/uploads\/2020\/05\/2e-chancecredit_F-300x86.jpg 300w, https:\/\/formationdc.ca\/wp-content\/uploads\/2020\/05\/2e-chancecredit_F-768x221.jpg 768w, https:\/\/formationdc.ca\/wp-content\/uploads\/2020\/05\/2e-chancecredit_F-500x144.jpg 500w\" sizes=\"(max-width: 1000px) 100vw, 1000px\" \/><\/figure>\n\n\n\n<h2>Plan formation deuxi\u00e8me chance au cr\u00e9dit<\/h2>\n\n\n\n<ul><li>Le pointage<\/li><li>Les types de cr\u00e9dit<\/li><li>Le bureau de cr\u00e9dit<\/li><li>Compr\u00e9hension des donn\u00e9es<\/li><li>La qualification<\/li><li>L&rsquo;approbation<\/li><li>Le choix du v\u00e9hicule<\/li><li>La n\u00e9gociation<\/li><li>Le taux d&rsquo;int\u00e9r\u00eat<\/li><li>R\u00e9tablir son cr\u00e9dit<\/li><\/ul>\n","protected":false},"excerpt":{"rendered":"<p>Notre formation priv\u00e9e ou semi-priv\u00e9e implique que nous formons entre 2 et 10 \u00e9l\u00e8ves par session afin de pouvoir assurer un suivi ainsi qu\u2019un support personnalis\u00e9 \u00e0 nos \u00e9l\u00e8ves r\u00e9parti en deux journ\u00e9es. Plan formation deuxi\u00e8me chance au cr\u00e9dit Le &hellip; <a href=\"https:\/\/formationdc.ca\/?page_id=457\">Continuer la lecture <span class=\"meta-nav\">&rarr;<\/span><\/a><\/p>\n","protected":false},"author":1,"featured_media":0,"parent":0,"menu_order":0,"comment_status":"closed","ping_status":"closed","template":"","meta":[],"yoast_head":"<!-- This site is optimized with the Yoast SEO plugin v15.4 - https:\/\/yoast.com\/wordpress\/plugins\/seo\/ -->\n<meta name=\"robots\" content=\"index, follow, max-snippet:-1, max-image-preview:large, max-video-preview:-1\" \/>\n<link rel=\"canonical\" href=\"https:\/\/formationdc.ca\/?page_id=457\" \/>\n<meta property=\"og:locale\" content=\"fr_FR\" \/>\n<meta property=\"og:type\" content=\"article\" \/>\n<meta property=\"og:title\" content=\"Cr\u00e9dit sp\u00e9cialis\u00e9 - Formation directeur commercial\" \/>\n<meta property=\"og:description\" content=\"Notre formation priv\u00e9e ou semi-priv\u00e9e implique que nous formons entre 2 et 10 \u00e9l\u00e8ves par session afin de pouvoir assurer un suivi ainsi qu\u2019un support personnalis\u00e9 \u00e0 nos \u00e9l\u00e8ves r\u00e9parti en deux journ\u00e9es. Plan formation deuxi\u00e8me chance au cr\u00e9dit Le &hellip; Continuer la lecture &rarr;\" \/>\n<meta property=\"og:url\" content=\"https:\/\/formationdc.ca\/?page_id=457\" \/>\n<meta property=\"og:site_name\" content=\"Formation directeur commercial\" \/>\n<meta property=\"article:publisher\" content=\"https:\/\/www.facebook.com\/formation.dc\" \/>\n<meta property=\"article:modified_time\" content=\"2020-05-31T17:00:30+00:00\" \/>\n<meta property=\"og:image\" content=\"http:\/\/formationdc.ca\/wp-content\/uploads\/2020\/05\/2e-chancecredit_F.jpg\" \/>\n<meta name=\"twitter:card\" content=\"summary_large_image\" \/>\n<meta name=\"twitter:label1\" content=\"\u00c9crit par\">\n\t<meta name=\"twitter:data1\" content=\"isoucy\">\n\t<meta name=\"twitter:label2\" content=\"Dur\u00e9e de lecture est.\">\n\t<meta name=\"twitter:data2\" content=\"0 minute\">\n<script type=\"application\/ld+json\" class=\"yoast-schema-graph\">{\"@context\":\"https:\/\/schema.org\",\"@graph\":[{\"@type\":\"Organization\",\"@id\":\"http:\/\/formationdc.ca\/#organization\",\"name\":\"Formation DC\",\"url\":\"http:\/\/formationdc.ca\/\",\"sameAs\":[\"https:\/\/www.facebook.com\/formation.dc\"],\"logo\":{\"@type\":\"ImageObject\",\"@id\":\"http:\/\/formationdc.ca\/#logo\",\"inLanguage\":\"fr-FR\",\"url\":\"https:\/\/formationdc.ca\/wp-content\/uploads\/2020\/05\/logo_formationDC.jpg\",\"width\":247,\"height\":247,\"caption\":\"Formation DC\"},\"image\":{\"@id\":\"http:\/\/formationdc.ca\/#logo\"}},{\"@type\":\"WebSite\",\"@id\":\"http:\/\/formationdc.ca\/#website\",\"url\":\"http:\/\/formationdc.ca\/\",\"name\":\"Formation directeur commercial\",\"description\":\"dans le domaine de l&#039;automobile - NOUVEAU FORMATION EN LIGNE! - 514.799.8118\",\"publisher\":{\"@id\":\"http:\/\/formationdc.ca\/#organization\"},\"potentialAction\":[{\"@type\":\"SearchAction\",\"target\":\"http:\/\/formationdc.ca\/?s={search_term_string}\",\"query-input\":\"required name=search_term_string\"}],\"inLanguage\":\"fr-FR\"},{\"@type\":\"ImageObject\",\"@id\":\"https:\/\/formationdc.ca\/?page_id=457#primaryimage\",\"inLanguage\":\"fr-FR\",\"url\":\"http:\/\/formationdc.ca\/wp-content\/uploads\/2020\/05\/2e-chancecredit_F.jpg\"},{\"@type\":\"WebPage\",\"@id\":\"https:\/\/formationdc.ca\/?page_id=457#webpage\",\"url\":\"https:\/\/formationdc.ca\/?page_id=457\",\"name\":\"Cr\\u00e9dit sp\\u00e9cialis\\u00e9 - Formation directeur commercial\",\"isPartOf\":{\"@id\":\"http:\/\/formationdc.ca\/#website\"},\"primaryImageOfPage\":{\"@id\":\"https:\/\/formationdc.ca\/?page_id=457#primaryimage\"},\"datePublished\":\"2020-05-31T14:58:05+00:00\",\"dateModified\":\"2020-05-31T17:00:30+00:00\",\"inLanguage\":\"fr-FR\",\"potentialAction\":[{\"@type\":\"ReadAction\",\"target\":[\"https:\/\/formationdc.ca\/?page_id=457\"]}]}]}<\/script>\n<!-- \/ Yoast SEO plugin. -->","_links":{"self":[{"href":"https:\/\/formationdc.ca\/index.php?rest_route=\/wp\/v2\/pages\/457"}],"collection":[{"href":"https:\/\/formationdc.ca\/index.php?rest_route=\/wp\/v2\/pages"}],"about":[{"href":"https:\/\/formationdc.ca\/index.php?rest_route=\/wp\/v2\/types\/page"}],"author":[{"embeddable":true,"href":"https:\/\/formationdc.ca\/index.php?rest_route=\/wp\/v2\/users\/1"}],"replies":[{"embeddable":true,"href":"https:\/\/formationdc.ca\/index.php?rest_route=%2Fwp%2Fv2%2Fcomments&post=457"}],"version-history":[{"count":6,"href":"https:\/\/formationdc.ca\/index.php?rest_route=\/wp\/v2\/pages\/457\/revisions"}],"predecessor-version":[{"id":487,"href":"https:\/\/formationdc.ca\/index.php?rest_route=\/wp\/v2\/pages\/457\/revisions\/487"}],"wp:attachment":[{"href":"https:\/\/formationdc.ca\/index.php?rest_route=%2Fwp%2Fv2%2Fmedia&parent=457"}],"curies":[{"name":"wp","href":"https:\/\/api.w.org\/{rel}","templated":true}]}}