{"id":464,"date":"2020-05-31T15:31:41","date_gmt":"2020-05-31T15:31:41","guid":{"rendered":"http:\/\/formationdc.ca\/?page_id=464"},"modified":"2021-04-08T18:38:04","modified_gmt":"2021-04-08T18:38:04","slug":"nos-formations","status":"publish","type":"page","link":"https:\/\/formationdc.ca\/?page_id=464","title":{"rendered":"Nos formations"},"content":{"rendered":"\n<ul><li><strong><a href=\"http:\/\/formationdc.ca\/?page_id=32\">Formation directeur commercial<\/a><\/strong> (pour les nouveaux F&amp;I&nbsp;et&nbsp;F&amp;I&nbsp;voulant se perfectionner)<\/li><li>NOUVEAU &#8211; <strong><a href=\"http:\/\/formationdc.ca\/?page_id=457\">Formation cr\u00e9dit sp\u00e9cialis\u00e9<\/a><\/strong> (2e chance au cr\u00e9dit)<\/li><\/ul>\n\n\n\n<figure class=\"wp-block-image size-large\"><a href=\"http:\/\/formationdc.ca\/wp-content\/uploads\/2021\/04\/rabais_300_FDC.jpg\"><img loading=\"lazy\" width=\"1000\" height=\"288\" src=\"http:\/\/formationdc.ca\/wp-content\/uploads\/2021\/04\/rabais_300_FDC.jpg\" alt=\"\" class=\"wp-image-509\" srcset=\"https:\/\/formationdc.ca\/wp-content\/uploads\/2021\/04\/rabais_300_FDC.jpg 1000w, https:\/\/formationdc.ca\/wp-content\/uploads\/2021\/04\/rabais_300_FDC-300x86.jpg 300w, https:\/\/formationdc.ca\/wp-content\/uploads\/2021\/04\/rabais_300_FDC-768x221.jpg 768w, https:\/\/formationdc.ca\/wp-content\/uploads\/2021\/04\/rabais_300_FDC-500x144.jpg 500w\" sizes=\"(max-width: 1000px) 100vw, 1000px\" \/><\/a><\/figure>\n\n\n\n<p>Formation DC s&rsquo;adapte \u00e0 la demande du march\u00e9 actuel, en vous offrant une&nbsp;<strong>formation Teams<\/strong>&nbsp;qui est offerte en groupe de 2 \u00e0 10 personnes o\u00f9 vous pouvez int\u00e9ragir avec votre formatrice en tout temps dans le confort de votre foyer.<\/p>\n\n\n\n<p>\u00c0 noter que les formations en classe reviendront d\u00e8s que la situation de la Covid-19 sera r\u00e9tablie, nous prenons toutes les mesures n\u00e9cessaires afin de vous offrir un milieu s\u00e9curitaire.<\/p>\n\n\n\n<p><\/p>\n","protected":false},"excerpt":{"rendered":"<p>Formation directeur commercial (pour les nouveaux F&amp;I&nbsp;et&nbsp;F&amp;I&nbsp;voulant se perfectionner) NOUVEAU &#8211; Formation cr\u00e9dit sp\u00e9cialis\u00e9 (2e chance au cr\u00e9dit) Formation DC s&rsquo;adapte \u00e0 la demande du march\u00e9 actuel, en vous offrant une&nbsp;formation Teams&nbsp;qui est offerte en groupe de 2 \u00e0 10 &hellip; <a href=\"https:\/\/formationdc.ca\/?page_id=464\">Continuer la lecture <span class=\"meta-nav\">&rarr;<\/span><\/a><\/p>\n","protected":false},"author":1,"featured_media":0,"parent":0,"menu_order":0,"comment_status":"closed","ping_status":"closed","template":"","meta":[],"yoast_head":"<!-- This site is optimized with the Yoast SEO plugin v15.4 - https:\/\/yoast.com\/wordpress\/plugins\/seo\/ -->\n<meta name=\"robots\" content=\"index, follow, max-snippet:-1, max-image-preview:large, max-video-preview:-1\" \/>\n<link rel=\"canonical\" href=\"http:\/\/formationdc.ca\/?page_id=464\" \/>\n<meta property=\"og:locale\" content=\"fr_FR\" \/>\n<meta property=\"og:type\" content=\"article\" \/>\n<meta property=\"og:title\" content=\"Nos formations - Formation directeur commercial\" \/>\n<meta property=\"og:description\" content=\"Formation directeur commercial (pour les nouveaux F&amp;I&nbsp;et&nbsp;F&amp;I&nbsp;voulant se perfectionner) NOUVEAU &#8211; Formation cr\u00e9dit sp\u00e9cialis\u00e9 (2e chance au cr\u00e9dit) Formation DC s&rsquo;adapte \u00e0 la demande du march\u00e9 actuel, en vous offrant une&nbsp;formation Teams&nbsp;qui est offerte en groupe de 2 \u00e0 10 &hellip; Continuer la lecture &rarr;\" \/>\n<meta property=\"og:url\" content=\"http:\/\/formationdc.ca\/?page_id=464\" \/>\n<meta property=\"og:site_name\" content=\"Formation directeur commercial\" \/>\n<meta property=\"article:publisher\" content=\"https:\/\/www.facebook.com\/formation.dc\" \/>\n<meta property=\"article:modified_time\" content=\"2021-04-08T18:38:04+00:00\" \/>\n<meta property=\"og:image\" content=\"http:\/\/formationdc.ca\/wp-content\/uploads\/2021\/04\/rabais_300_FDC.jpg\" \/>\n<meta name=\"twitter:card\" content=\"summary_large_image\" \/>\n<meta name=\"twitter:label1\" content=\"\u00c9crit par\">\n\t<meta name=\"twitter:data1\" content=\"isoucy\">\n\t<meta name=\"twitter:label2\" content=\"Dur\u00e9e de lecture est.\">\n\t<meta name=\"twitter:data2\" content=\"0 minute\">\n<script type=\"application\/ld+json\" class=\"yoast-schema-graph\">{\"@context\":\"https:\/\/schema.org\",\"@graph\":[{\"@type\":\"Organization\",\"@id\":\"http:\/\/formationdc.ca\/#organization\",\"name\":\"Formation DC\",\"url\":\"http:\/\/formationdc.ca\/\",\"sameAs\":[\"https:\/\/www.facebook.com\/formation.dc\"],\"logo\":{\"@type\":\"ImageObject\",\"@id\":\"http:\/\/formationdc.ca\/#logo\",\"inLanguage\":\"fr-FR\",\"url\":\"https:\/\/formationdc.ca\/wp-content\/uploads\/2020\/05\/logo_formationDC.jpg\",\"width\":247,\"height\":247,\"caption\":\"Formation DC\"},\"image\":{\"@id\":\"http:\/\/formationdc.ca\/#logo\"}},{\"@type\":\"WebSite\",\"@id\":\"http:\/\/formationdc.ca\/#website\",\"url\":\"http:\/\/formationdc.ca\/\",\"name\":\"Formation directeur commercial\",\"description\":\"dans le domaine de l&#039;automobile - NOUVEAU FORMATION EN LIGNE! - 514.799.8118\",\"publisher\":{\"@id\":\"http:\/\/formationdc.ca\/#organization\"},\"potentialAction\":[{\"@type\":\"SearchAction\",\"target\":\"http:\/\/formationdc.ca\/?s={search_term_string}\",\"query-input\":\"required name=search_term_string\"}],\"inLanguage\":\"fr-FR\"},{\"@type\":\"ImageObject\",\"@id\":\"http:\/\/formationdc.ca\/?page_id=464#primaryimage\",\"inLanguage\":\"fr-FR\",\"url\":\"http:\/\/formationdc.ca\/wp-content\/uploads\/2021\/04\/rabais_300_FDC.jpg\"},{\"@type\":\"WebPage\",\"@id\":\"http:\/\/formationdc.ca\/?page_id=464#webpage\",\"url\":\"http:\/\/formationdc.ca\/?page_id=464\",\"name\":\"Nos formations - Formation directeur commercial\",\"isPartOf\":{\"@id\":\"http:\/\/formationdc.ca\/#website\"},\"primaryImageOfPage\":{\"@id\":\"http:\/\/formationdc.ca\/?page_id=464#primaryimage\"},\"datePublished\":\"2020-05-31T15:31:41+00:00\",\"dateModified\":\"2021-04-08T18:38:04+00:00\",\"inLanguage\":\"fr-FR\",\"potentialAction\":[{\"@type\":\"ReadAction\",\"target\":[\"http:\/\/formationdc.ca\/?page_id=464\"]}]}]}<\/script>\n<!-- \/ Yoast SEO plugin. -->","_links":{"self":[{"href":"https:\/\/formationdc.ca\/index.php?rest_route=\/wp\/v2\/pages\/464"}],"collection":[{"href":"https:\/\/formationdc.ca\/index.php?rest_route=\/wp\/v2\/pages"}],"about":[{"href":"https:\/\/formationdc.ca\/index.php?rest_route=\/wp\/v2\/types\/page"}],"author":[{"embeddable":true,"href":"https:\/\/formationdc.ca\/index.php?rest_route=\/wp\/v2\/users\/1"}],"replies":[{"embeddable":true,"href":"https:\/\/formationdc.ca\/index.php?rest_route=%2Fwp%2Fv2%2Fcomments&post=464"}],"version-history":[{"count":7,"href":"https:\/\/formationdc.ca\/index.php?rest_route=\/wp\/v2\/pages\/464\/revisions"}],"predecessor-version":[{"id":519,"href":"https:\/\/formationdc.ca\/index.php?rest_route=\/wp\/v2\/pages\/464\/revisions\/519"}],"wp:attachment":[{"href":"https:\/\/formationdc.ca\/index.php?rest_route=%2Fwp%2Fv2%2Fmedia&parent=464"}],"curies":[{"name":"wp","href":"https:\/\/api.w.org\/{rel}","templated":true}]}}